{"id":45,"date":"2019-11-07T20:42:20","date_gmt":"2019-11-07T19:42:20","guid":{"rendered":"https:\/\/ibb.phwien.ac.at\/?page_id=45"},"modified":"2024-02-08T14:36:41","modified_gmt":"2024-02-08T13:36:41","slug":"projekte","status":"publish","type":"page","link":"https:\/\/isbb.phwien.ac.at\/?page_id=45","title":{"rendered":"Projekte"},"content":{"rendered":"\n<p>Das I:SBB f\u00fchrt Forschungs- und Schulentwicklungsprojekte durch und l\u00e4sst deren Auswirkungen und Schlussfolgerungen in die Aus-, Fort- und Weiterbildung von Lehrkr\u00e4ften des berufsbildenden Schulwesen einflie\u00dfen. Die Beteiligung an forschungsrelevanten Ausschreibungen der \u00d6sterreichischen Forschungsf\u00f6rderungsgesellschaft (FFG) sowie internationaler Forschungsf\u00f6rderungen wie Erasmus+ sind ein besonderes Bestreben des Instituts.<\/p>\n\n\n\n<p>Derzeit laufen folgende Projekte:<\/p>\n\n\n\n<ul>\n<li><a href=\"http:\/\/GELATOn the ROAD\"><strong>GELATOn the ROAD<\/strong><\/a> (EU-Projekt)<\/li>\n\n\n\n<li><a href=\"https:\/\/stact.at\/\"><strong>StAct &#8211; Start and Act<\/strong><\/a> (FFG-Projekt)<\/li>\n<\/ul>\n","protected":false},"excerpt":{"rendered":"<p>Das I:SBB f\u00fchrt Forschungs- und Schulentwicklungsprojekte durch und l\u00e4sst deren Auswirkungen und Schlussfolgerungen in die Aus-, Fort- und Weiterbildung von Lehrkr\u00e4ften des berufsbildenden Schulwesen einflie\u00dfen. Die Beteiligung an forschungsrelevanten Ausschreibungen der \u00d6sterreichischen Forschungsf\u00f6rderungsgesellschaft (FFG) sowie internationaler Forschungsf\u00f6rderungen wie Erasmus+ sind ein besonderes Bestreben des Instituts. Derzeit laufen folgende Projekte:<\/p>\n","protected":false},"author":2,"featured_media":104,"parent":0,"menu_order":0,"comment_status":"closed","ping_status":"closed","template":"","meta":{"footnotes":""},"jetpack_sharing_enabled":true,"_links":{"self":[{"href":"https:\/\/isbb.phwien.ac.at\/index.php?rest_route=\/wp\/v2\/pages\/45"}],"collection":[{"href":"https:\/\/isbb.phwien.ac.at\/index.php?rest_route=\/wp\/v2\/pages"}],"about":[{"href":"https:\/\/isbb.phwien.ac.at\/index.php?rest_route=\/wp\/v2\/types\/page"}],"author":[{"embeddable":true,"href":"https:\/\/isbb.phwien.ac.at\/index.php?rest_route=\/wp\/v2\/users\/2"}],"replies":[{"embeddable":true,"href":"https:\/\/isbb.phwien.ac.at\/index.php?rest_route=%2Fwp%2Fv2%2Fcomments&post=45"}],"version-history":[{"count":4,"href":"https:\/\/isbb.phwien.ac.at\/index.php?rest_route=\/wp\/v2\/pages\/45\/revisions"}],"predecessor-version":[{"id":1638,"href":"https:\/\/isbb.phwien.ac.at\/index.php?rest_route=\/wp\/v2\/pages\/45\/revisions\/1638"}],"wp:featuredmedia":[{"embeddable":true,"href":"https:\/\/isbb.phwien.ac.at\/index.php?rest_route=\/wp\/v2\/media\/104"}],"wp:attachment":[{"href":"https:\/\/isbb.phwien.ac.at\/index.php?rest_route=%2Fwp%2Fv2%2Fmedia&parent=45"}],"curies":[{"name":"wp","href":"https:\/\/api.w.org\/{rel}","templated":true}]}}